{"id":185,"date":"2024-06-04T17:37:19","date_gmt":"2024-06-04T15:37:19","guid":{"rendered":"https:\/\/parlamain.fr\/?page_id=185"},"modified":"2024-07-10T14:37:31","modified_gmt":"2024-07-10T12:37:31","slug":"petites-histoires","status":"publish","type":"page","link":"https:\/\/parlamain.fr\/?page_id=185","title":{"rendered":"petites histoires"},"content":{"rendered":"\n<p>Eh eh bande de petits curieux !!! Je ne peux pas vous dire grand chose parce que ce qui se passe pendant ce genre  de soins est tr\u00e8s personnel et que je me tiens \u00e0 une sorte de \u00ab\u00a0secret m\u00e9dical\u00a0\u00bb forc\u00e9ment&#8230; mais quand m\u00eame une ou deux&#8230; et si par hasard il y en a une marrante qui se pointe, promis je vous la raconte \ud83d\ude09<\/p>\n\n\n\n<p>Mais pour l&rsquo;instant juste des petites histoires qui ont aid\u00e9 des personnes \u00e0 se d\u00e9faire de blocages inconscients. Pour la plupart des gens juste curieux de savoir comment je travaille, ou qui recherchaient seulement un mieux \u00eatre.<\/p>\n\n\n\n<p><\/p>\n\n\n\n<p>Lors d&rsquo;un soin sur quelqu&rsquo;un, une colonne de soldats (morts, en mode fant\u00f4mes) s&rsquo;est pr\u00e9sent\u00e9e \u00e0 moi. Je questionne alors la personne sur son grand-p\u00e8re, celle-ci me r\u00e9pond qu&rsquo;il avait \u00e9t\u00e9 commandant sur un navire lors de la seconde guerre. Mais je ne le vois toujours pas, et on me dit alors qu&rsquo;il a honte, qu&rsquo;il ne peut pas se montrer. Je comprends alors que la personne est emprisonn\u00e9e malgr\u00e9 elle dans une histoire qui ne la concerne pas, mais le grand-p\u00e8re avait tellement honte d&rsquo;avoir commis une erreur qui a valu la vie de beaucoup de ses hommes qu&rsquo;il a malgr\u00e9 lui transmis ses cha\u00eenes \u00e0 ses descendants. Tout est rentr\u00e9 dans l&rsquo;ordre.<\/p>\n\n\n\n<p>Une petite fille qui a un comportement insupportable dans la cour de l&rsquo;\u00e9cole. Je m&rsquo;int\u00e9resse alors \u00e0 elle pour comprendre pourquoi elle se comporte de cette fa\u00e7on. Je vois alors sa vie et le comportement de ses parents avec elle, tout se tient. La petite s&rsquo;arr\u00eate de jouer et vient vers moi en me disant : \u00ab\u00a0t&rsquo;arr\u00eates de regarder dans ma t\u00eate?\u00a0\u00bb et elle est repartie ! Je n&rsquo;ai plus jamais \u00ab\u00a0regard\u00e9 dans la t\u00eate\u00a0\u00bb de personne sans qu&rsquo;on me le demande \ud83d\ude09<\/p>\n\n\n\n<p>Un soin pour une me femme me fait attire mon attention sur sa poitrine. Je l&rsquo;interroge et elle me r\u00e9pond qu&rsquo;elle a eu un kyste quelques ann\u00e9es plut\u00f4t&#8230; une fausse couche mal dig\u00e9r\u00e9e dont le souvenir s&rsquo;est \u00ab\u00a0enkyst\u00e9\u00a0\u00bb dans sa poitrine, symboliquement l&rsquo;aspect de la maternit\u00e9&#8230;. elle s&rsquo;en remet enfin apr\u00e8s avoir pu en reparler et faire un deuil r\u00e9el.<\/p>\n\n\n\n<p>Soin sur une autre femme, je la vois soudain comme une \u00e9gyptienne. Je lui demande alors ce qu&rsquo;elle a avec ce pays, elle me r\u00e9pond que rien du tout mais qu&rsquo;on l&rsquo;appelait Cl\u00e9op\u00e2tre quand elle \u00e9tait petite (on est all\u00e9 cherch\u00e9 plus loin pour savoir pourquoi \u00e7a ressortait, mais \u00e7a c&rsquo;est son histoire).<\/p>\n\n\n\n<p>Un chaton enlev\u00e9 trop t\u00f4t \u00e0 sa maman. Quand son humaine adoptive s&rsquo;en va pour le week-end, il tombe bien malade et fait une grosse fi\u00e8vre. La peur de l&rsquo;abandon, encore&#8230; je le magn\u00e9tise et le rassure, il est gu\u00e9ri dans les heures qui suivent.<\/p>\n\n\n\n<p><\/p>\n\n\n\n<p><\/p>\n\n\n\n<p><\/p>\n\n\n\n<p><\/p>\n\n\n\n<p>  <\/p>\n","protected":false},"excerpt":{"rendered":"<p>Eh eh bande de petits curieux !!! Je ne peux pas vous dire grand chose parce que ce qui se passe pendant ce genre de soins est tr\u00e8s personnel et que je me tiens \u00e0 une sorte de \u00ab\u00a0secret m\u00e9dical\u00a0\u00bb forc\u00e9ment&#8230; mais quand m\u00eame une ou deux&#8230; et si par hasard il y en a&hellip;&nbsp;<a href=\"https:\/\/parlamain.fr\/?page_id=185\" class=\"\" rel=\"bookmark\">Lire la suite &raquo;<span class=\"screen-reader-text\">petites histoires<\/span><\/a><\/p>\n","protected":false},"author":1,"featured_media":0,"parent":0,"menu_order":4,"comment_status":"closed","ping_status":"closed","template":"","meta":{"neve_meta_sidebar":"","neve_meta_container":"","neve_meta_enable_content_width":"","neve_meta_content_width":0,"neve_meta_title_alignment":"","neve_meta_author_avatar":"","neve_post_elements_order":"","neve_meta_disable_header":"","neve_meta_disable_footer":"","neve_meta_disable_title":"","_ti_tpc_template_sync":false,"_ti_tpc_template_id":"","footnotes":""},"_links":{"self":[{"href":"https:\/\/parlamain.fr\/index.php?rest_route=\/wp\/v2\/pages\/185"}],"collection":[{"href":"https:\/\/parlamain.fr\/index.php?rest_route=\/wp\/v2\/pages"}],"about":[{"href":"https:\/\/parlamain.fr\/index.php?rest_route=\/wp\/v2\/types\/page"}],"author":[{"embeddable":true,"href":"https:\/\/parlamain.fr\/index.php?rest_route=\/wp\/v2\/users\/1"}],"replies":[{"embeddable":true,"href":"https:\/\/parlamain.fr\/index.php?rest_route=%2Fwp%2Fv2%2Fcomments&post=185"}],"version-history":[{"count":6,"href":"https:\/\/parlamain.fr\/index.php?rest_route=\/wp\/v2\/pages\/185\/revisions"}],"predecessor-version":[{"id":240,"href":"https:\/\/parlamain.fr\/index.php?rest_route=\/wp\/v2\/pages\/185\/revisions\/240"}],"wp:attachment":[{"href":"https:\/\/parlamain.fr\/index.php?rest_route=%2Fwp%2Fv2%2Fmedia&parent=185"}],"curies":[{"name":"wp","href":"https:\/\/api.w.org\/{rel}","templated":true}]}}